{"version":"1.0","provider_name":"NO+BL kancel\u00e1\u0159sk\u00fd n\u00e1bytek a kancel\u00e1\u0159sk\u00e9 \u017eidle Praha","provider_url":"https:\/\/nobl.cz\/kancelarsky-nabytek","title":"Nov\u00e1 realizace kancel\u00e1\u0159\u00ed na V\u00e1clavsk\u00e9m n\u00e1m\u011bst\u00ed - NO+BL kancel\u00e1\u0159sk\u00fd n\u00e1bytek a kancel\u00e1\u0159sk\u00e9 \u017eidle Praha","type":"rich","width":600,"height":338,"html":"<blockquote class=\"wp-embedded-content\" data-secret=\"C17aBtQSxc\"><a href=\"https:\/\/nobl.cz\/kancelarsky-nabytek\/luxusni-kancelare-vaclavskem-namesti\/\">Nov\u00e1 realizace kancel\u00e1\u0159\u00ed na V\u00e1clavsk\u00e9m n\u00e1m\u011bst\u00ed<\/a><\/blockquote><iframe sandbox=\"allow-scripts\" security=\"restricted\" src=\"https:\/\/nobl.cz\/kancelarsky-nabytek\/luxusni-kancelare-vaclavskem-namesti\/embed\/#?secret=C17aBtQSxc\" width=\"600\" height=\"338\" title=\"&#8222;Nov\u00e1 realizace kancel\u00e1\u0159\u00ed na V\u00e1clavsk\u00e9m n\u00e1m\u011bst\u00ed&#8220; &#8212; NO+BL kancel\u00e1\u0159sk\u00fd n\u00e1bytek a kancel\u00e1\u0159sk\u00e9 \u017eidle Praha\" data-secret=\"C17aBtQSxc\" frameborder=\"0\" marginwidth=\"0\" marginheight=\"0\" scrolling=\"no\" class=\"wp-embedded-content\"><\/iframe><script type=\"text\/javascript\">\n\/* <![CDATA[ *\/\n\/*! This file is auto-generated *\/\n!function(d,l){\"use strict\";l.querySelector&&d.addEventListener&&\"undefined\"!=typeof URL&&(d.wp=d.wp||{},d.wp.receiveEmbedMessage||(d.wp.receiveEmbedMessage=function(e){var t=e.data;if((t||t.secret||t.message||t.value)&&!\/[^a-zA-Z0-9]\/.test(t.secret)){for(var s,r,n,a=l.querySelectorAll('iframe[data-secret=\"'+t.secret+'\"]'),o=l.querySelectorAll('blockquote[data-secret=\"'+t.secret+'\"]'),c=new RegExp(\"^https?:$\",\"i\"),i=0;i<o.length;i++)o[i].style.display=\"none\";for(i=0;i<a.length;i++)s=a[i],e.source===s.contentWindow&&(s.removeAttribute(\"style\"),\"height\"===t.message?(1e3<(r=parseInt(t.value,10))?r=1e3:~~r<200&&(r=200),s.height=r):\"link\"===t.message&&(r=new URL(s.getAttribute(\"src\")),n=new URL(t.value),c.test(n.protocol))&&n.host===r.host&&l.activeElement===s&&(d.top.location.href=t.value))}},d.addEventListener(\"message\",d.wp.receiveEmbedMessage,!1),l.addEventListener(\"DOMContentLoaded\",function(){for(var e,t,s=l.querySelectorAll(\"iframe.wp-embedded-content\"),r=0;r<s.length;r++)(t=(e=s[r]).getAttribute(\"data-secret\"))||(t=Math.random().toString(36).substring(2,12),e.src+=\"#?secret=\"+t,e.setAttribute(\"data-secret\",t)),e.contentWindow.postMessage({message:\"ready\",secret:t},\"*\")},!1)))}(window,document);\n\/* ]]> *\/\n<\/script>\n","thumbnail_url":"https:\/\/nobl.cz\/kancelarsky-nabytek\/wp-content\/uploads\/2017\/04\/titulky.jpg","thumbnail_width":"1602","thumbnail_height":"1982","description":"Firma NO+BL kancel\u00e1\u0159sk\u00fd n\u00e1bytek dostala nab\u00eddku od architekt\u016f Palladio Progetti \u00fa\u010dastnit se vybavov\u00e1n\u00ed kancel\u00e1\u0159sk\u00fdch prostor pro v\u011bt\u0161\u00ed italskou developerskou skupinu. Ta si pronajala atraktivn\u00ed \u010d\u00e1st 3. patra ve velmi slavn\u00e9m objektu &#8222;\u010cKD&#8220;, p\u0159\u00edmo na V\u00e1clavsk\u00e9m n\u00e1m\u011bst\u00ed. Po prvn\u00edch konzultac\u00edch si z\u00e1kazn\u00edk vybral n\u00e1bytkovou \u0159adu NO+BL White Line, ze kter\u00e9 byly vytvo\u0159eny n\u00e1vrhy v\u0161ech prostor. Sklen\u011bn\u00e9 [&hellip;]"}

NO+BL kancelářský nábytek a kancelářské židle Praha

Nová realizace kanceláří na Václavském náměstí - NO+BL kancelářský nábytek a kancelářské židle Praha

<blockquote class="wp-embedded-content" data-secret="C17aBtQSxc"><a href="https://nobl.cz/kancelarsky-nabytek/luxusni-kancelare-vaclavskem-namesti/">Nová realizace kanceláří na Václavském náměstí</a></blockquote><iframe sandbox="allow-scripts" security="restricted" src="https://nobl.cz/kancelarsky-nabytek/luxusni-kancelare-vaclavskem-namesti/embed/#?secret=C17aBtQSxc" width="600" height="338" title="&#8222;Nová realizace kanceláří na Václavském náměstí&#8220; &#8212; NO+BL kancelářský nábytek a kancelářské židle Praha" data-secret="C17aBtQSxc" frameborder="0" marginwidth="0" marginheight="0" scrolling="no" class="wp-embedded-content"></iframe><script type="text/javascript">
/* <![CDATA[ */
/*! This file is auto-generated */
!function(d,l){"use strict";l.querySelector&&d.addEventListener&&"undefined"!=typeof URL&&(d.wp=d.wp||{},d.wp.receiveEmbedMessage||(d.wp.receiveEmbedMessage=function(e){var t=e.data;if((t||t.secret||t.message||t.value)&&!/[^a-zA-Z0-9]/.test(t.secret)){for(var s,r,n,a=l.querySelectorAll('iframe[data-secret="'+t.secret+'"]'),o=l.querySelectorAll('blockquote[data-secret="'+t.secret+'"]'),c=new RegExp("^https?:$","i"),i=0;i<o.length;i++)o[i].style.display="none";for(i=0;i<a.length;i++)s=a[i],e.source===s.contentWindow&&(s.removeAttribute("style"),"height"===t.message?(1e3<(r=parseInt(t.value,10))?r=1e3:~~r<200&&(r=200),s.height=r):"link"===t.message&&(r=new URL(s.getAttribute("src")),n=new URL(t.value),c.test(n.protocol))&&n.host===r.host&&l.activeElement===s&&(d.top.location.href=t.value))}},d.addEventListener("message",d.wp.receiveEmbedMessage,!1),l.addEventListener("DOMContentLoaded",function(){for(var e,t,s=l.querySelectorAll("iframe.wp-embedded-content"),r=0;r<s.length;r++)(t=(e=s[r]).getAttribute("data-secret"))||(t=Math.random().toString(36).substring(2,12),e.src+="#?secret="+t,e.setAttribute("data-secret",t)),e.contentWindow.postMessage({message:"ready",secret:t},"*")},!1)))}(window,document);
/* ]]> */
</script>

Firma NO+BL kancelářský nábytek dostala nabídku od architektů Palladio Progetti účastnit se vybavování kancelářských prostor pro větší italskou developerskou skupinu. Ta si pronajala atraktivní část 3. patra ve velmi slavném objektu &#8222;ČKD&#8220;, přímo na Václavském náměstí. Po prvních konzultacích si zákazník vybral nábytkovou řadu NO+BL White Line, ze které byly vytvořeny návrhy všech prostor. Skleněné [&hellip;]
