{"id":532,"date":"2013-08-11T19:22:53","date_gmt":"2013-08-11T19:22:53","guid":{"rendered":"http:\/\/localhost:8888\/test\/?page_id=532"},"modified":"2025-12-23T16:33:56","modified_gmt":"2025-12-23T15:33:56","slug":"kontakty-nobl-praha","status":"publish","type":"page","link":"https:\/\/nobl.cz\/kancelarsky-nabytek\/kontakty-nobl-praha\/","title":{"rendered":"Kontakty NO+BL Praha"},"content":{"rendered":"\t<div  class=\"row container \">\n<div class=\"small-12    large-12  columns   \"  ><div class=\"column-inner\"  >\n<h3 style=\"text-align: center;\">Adresa prodejny NO+BL Praha je <span style=\"color: #e47717;\">Sokolovsk\u00e1 1288\/166,\u00a0Praha 8\u2013Libe\u0148<\/span><\/h3>\n<h4 style=\"text-align: center;\"><span style=\"color: #e47717;\">Otev\u00edrac\u00ed doba:<strong>\u00a0<\/strong><strong>Pond\u011bl\u00ed\u2013P\u00e1tek: 9.00\u201317.30<\/strong><\/span> |\u00a0+420 281 915 802 |\u00a0<a href=\"mailto:obchod@nobl.cz?subject=Dotaz z webu NO+BL\">obchod@nobl.cz<\/a><\/h4>\n<p style=\"text-align: center;\">NO+BL Kancel\u00e1\u0159sk\u00fd n\u00e1bytek s.r.o.\u00a0|\u00a0I\u010c: 26 14 27 16\u00a0|\u00a0DI\u010c: CZ26142716\u00a0|\u00a0datov\u00e1 schr\u00e1nka: bdcqd3f | <a href=\"mailto:reklamace@nobl.cz?subject=Reklamuji zbo\u017e\u00ed\">reklamace@nobl.cz<\/a><\/p>\n<\/div><\/div>\n<\/div>\n  \n   <div id=\"banner_121296406\" class=\"ux_banner light    \"  style=\"height:400px; \" data-height=\"400px\" role=\"banner\">\n                                  <div class=\"banner-bg \"  style=\"background-image:url('https:\/\/nobl.cz\/kancelarsky-nabytek\/wp-content\/uploads\/2018\/10\/nobl-mapa3.png'); \"><img decoding=\"async\" src=\"https:\/\/nobl.cz\/kancelarsky-nabytek\/wp-content\/uploads\/2018\/10\/nobl-mapa3.png\"  alt=\"\" style=\"visibility:hidden;\" \/><\/div>\n                             <div class=\"row\" >\n          <div class=\"inner left center text-center text-boxed\"  style=\"width:35%;\">\n            <div class=\"inner-wrap animated fadeIn\" style=\"background-color:rgba(255,255,255,0.9); padding:30px\">\n              <p><strong><a href=\"https:\/\/www.google.com\/maps\/place\/NO%2BBL+Kancel%C3%A1%C5%99sk%C3%BD+n%C3%A1bytek+s.r.o.+Praha\/@50.10048,14.47217,18z\/data=!4m2!3m1!1s0x0:0xe50e8e36af24b6e4?hl=en-US\" target=\"_blank\" rel=\"noopener noreferrer\">PARKOV\u00c1N\u00cd U PRODEJNY ZDARMA!<\/a><\/strong><\/p>\n<p style=\"text-align: justify;\">Mo\u017enost parkov\u00e1n\u00ed na dvo\u0159e Autoservisu Svoboda v dob\u011b <strong>od 9 do 17.30 h<\/strong>. <span style=\"color: #e47717;\">Pozor! Je nutno nahl\u00e1sit n\u00e1v\u0161t\u011bvu na\u0161\u00ed prodejny zam\u011bstnanci autoservisu.<\/span>\u00a0D\u011bkujeme.<\/p>\n            <\/div>\n          <\/div>  \n        <\/div>\n                     <\/div><!-- end .ux_banner -->\n\n\t<div  class=\"row container \">\n<div class=\"small-12    large-6  columns   \"  ><div class=\"column-inner\"  >\n<h3 class=\"section-title clearfix  \"><span>Zam\u011bstnanci firmy NO+BL jsou tu pro V\u00e1s!<\/span>  <\/h3><!-- end section_title -->\n<h5 class=\"lead\">Kontaktovat n\u00e1s m\u016f\u017eete na <a href=\"mailto:obchod@nobl.cz?subject=Dotaz z webu NO+BL\"><strong>obchod@nobl.cz<\/strong><\/a><\/h5>\n<h5>nebo telefonicky na +420 281 915 802<\/h5>\n<h5>Otev\u00edrac\u00ed doba:<strong>\u00a0<\/strong><strong>Pond\u011bl\u00ed\u2013P\u00e1tek: 9.00\u201317.30<\/strong><\/h5>\n<div class=\"accordion\" rel=\"0\"><div class=\"accordion-title\"><a href=\"#\">Jednatel - Ing. Arch. Nov\u00e1k Petr<\/a><\/div><div class=\"accordion-inner\"><table class=\"tb_kontakt\">\n<tbody>\n<tr>\n<td rowspan=\"3\" align=\"center\" width=\"155\"><img loading=\"lazy\" decoding=\"async\" src=\"http:\/\/www.nobl-praha.cz\/imgs\/petr_novak.jpg\" alt=\"Kancel\u00e1\u0159sk\u00fd n\u00e1bytek, kancel\u00e1\u0159sk\u00fd sortiment | NOBL Kancel\u00e1\u0159sk\u00fd n\u00e1bytek : NOBL-Praha.cz - Kontakt - Petr Nov\u00e1k \" width=\"88\" height=\"109\" \/><\/td>\n<td><b>jm\u00e9no:<\/b> Ing. Arch. Nov\u00e1k Petr<\/td>\n<\/tr>\n<tr>\n<td><b>k\u00f3d:<\/b> PNV<\/td>\n<\/tr>\n<tr>\n<td><b>mobil:<\/b> 603 440 471<\/td>\n<\/tr>\n<tr>\n<td><\/td>\n<td><a href=\"mailto:petr.novak@nobl.cz\">petr.novak@nobl.cz<\/a><\/td>\n<\/tr>\n<\/tbody>\n<\/table>\n<\/div>\n<div class=\"accordion-title\"><a href=\"#\">Ekonom - Nov\u00e1kov\u00e1 Ivana<\/a><\/div><div class=\"accordion-inner\"><table class=\"tb_kontakt_r\">\n<tbody>\n<tr>\n<td rowspan=\"3\" align=\"center\" width=\"155\"><img loading=\"lazy\" decoding=\"async\" src=\"http:\/\/www.nobl-praha.cz\/imgs\/ivana_novakova.jpg\" alt=\"\" width=\"88\" height=\"109\" \/><\/td>\n<td><b>jm\u00e9no:<\/b> Nov\u00e1kov\u00e1 Ivana<\/td>\n<\/tr>\n<tr>\n<td><b>k\u00f3d:<\/b> INV<\/td>\n<\/tr>\n<tr>\n<td><b>mobil:<\/b> 603 155 810<\/td>\n<\/tr>\n<tr>\n<td><\/td>\n<td><a href=\"mailto:ivana.novakova@nobl.cz\">ivana.novakova@nobl.cz<\/a><\/td>\n<\/tr>\n<\/tbody>\n<\/table>\n<\/div>\n<div class=\"accordion-title\"><a href=\"#\">Obchod a technick\u00e1 podpora - Ji\u0159\u00ed Somol<\/a><\/div><div class=\"accordion-inner\"><table class=\"tb_kontakt\">\n<tbody>\n<tr>\n<td rowspan=\"3\" align=\"center\" width=\"155\"><img loading=\"lazy\" decoding=\"async\" src=\"http:\/\/www.nobl-praha.cz\/imgs\/jiri_somol.jpg\" alt=\"Kancel\u00e1\u0159sk\u00fd n\u00e1bytek, kancel\u00e1\u0159sk\u00fd sortiment | NOBL Kancel\u00e1\u0159sk\u00fd n\u00e1bytek : NOBL-Praha.cz - Kontakt - Ji\u0159\u00ed Simol\" width=\"88\" height=\"109\" \/><\/td>\n<td><b>jm\u00e9no:<\/b> Somol Ji\u0159\u00ed<\/td>\n<\/tr>\n<tr>\n<td><b>k\u00f3d:<\/b> JSM<\/td>\n<\/tr>\n<tr>\n<td><b>mobil:<\/b> 776 696 918<\/td>\n<\/tr>\n<tr>\n<td><\/td>\n<td><a href=\"mailto:jiri.somol@nobl.cz\">jiri.somol@nobl.cz<\/a><\/td>\n<\/tr>\n<\/tbody>\n<\/table>\n<\/div>\n<div class=\"accordion-title\"><a href=\"#\">Obchod a e-shop - Michal Nov\u00e1k<\/a><\/div><div class=\"accordion-inner\"><table class=\"tb_kontakt_r\">\n<tbody>\n<tr>\n<td rowspan=\"3\" align=\"center\" width=\"155\"><img loading=\"lazy\" decoding=\"async\" class=\"alignnone\" src=\"http:\/\/www.nobl-praha.cz\/imgs\/michal_novak.jpg\" alt=\"Kancel\u00e1\u0159sk\u00fd n\u00e1bytek, kancel\u00e1\u0159sk\u00fd sortiment | NOBL Kancel\u00e1\u0159sk\u00fd n\u00e1bytek : NOBL-Praha.cz - Kontakt - Michal Nov\u00e1k\" width=\"88\" height=\"109\" \/><\/td>\n<td><b>jm\u00e9no:<\/b> Michal Nov\u00e1k<\/td>\n<\/tr>\n<tr>\n<td><b>k\u00f3d:<\/b> MNV<\/td>\n<\/tr>\n<tr>\n<td><b>mobil:<\/b> 603 160 540<\/td>\n<\/tr>\n<tr>\n<td><\/td>\n<td><a href=\"mailto:michal.novak@nobl.cz\">michal.novak@nobl.cz<\/a><\/td>\n<\/tr>\n<\/tbody>\n<\/table>\n<\/div>\n<div class=\"accordion-title\"><a href=\"#\">Dispe\u010der a reklamace - Ji\u0159\u00ed \u0160turc<\/a><\/div><div class=\"accordion-inner\"><table class=\"tb_kontakt\">\n<tbody>\n<tr>\n<td rowspan=\"3\" align=\"center\" width=\"155\"><img loading=\"lazy\" decoding=\"async\" src=\"http:\/\/www.nobl-praha.cz\/imgs\/jiri_sturc.jpg\" alt=\"Kancel\u00e1\u0159sk\u00fd n\u00e1bytek, kancel\u00e1\u0159sk\u00fd sortiment | NOBL Kancel\u00e1\u0159sk\u00fd n\u00e1bytek : NOBL-Praha.cz - Kontakt - Ji\u0159\u00ed \u0160turc\" width=\"88\" height=\"109\" \/><\/td>\n<td><b>jm\u00e9no:<\/b> \u0160turc Ji\u0159\u00ed<\/td>\n<\/tr>\n<tr>\n<td><b>k\u00f3d:<\/b> JST<\/td>\n<\/tr>\n<tr>\n<td><b>mobil:<\/b> 603 212 461<\/td>\n<\/tr>\n<tr>\n<td><\/td>\n<td><a href=\"mailto:jiri.sturc@nobl.cz\">jiri.sturc@nobl.cz<\/a><\/td>\n<\/tr>\n<\/tbody>\n<\/table>\n<\/div>\n<\/div>\n<p>&nbsp;<\/p>\n<\/div><\/div>\n<div class=\"small-12    large-6  columns   \"  ><div class=\"column-inner\"  >\n<h3 class=\"section-title clearfix  \"><span>Nev\u00e1hejte n\u00e1s kontaktovat<\/span>  <\/h3><!-- end section_title -->\n<div class=\"wpforms-container wpforms-container-full\" id=\"wpforms-4684\"><form id=\"wpforms-form-4684\" class=\"wpforms-validate wpforms-form\" data-formid=\"4684\" method=\"post\" enctype=\"multipart\/form-data\" action=\"\/kancelarsky-nabytek\/wp-json\/wp\/v2\/pages\/532\" data-token=\"cb0fd64d4066e7994ce7090034edac84\"><noscript class=\"wpforms-error-noscript\">Chcete-li vyplnit tento formul\u00e1\u0159, pros\u00edm povolte v prohl\u00ed\u017ee\u010di JavaScript.<\/noscript><div class=\"wpforms-field-container\"><div id=\"wpforms-4684-field_2-container\" class=\"wpforms-field wpforms-field-textarea\" data-field-id=\"2\"><label class=\"wpforms-field-label\" for=\"wpforms-4684-field_2\">V\u00e1\u0161 dotaz? <span class=\"wpforms-required-label\">*<\/span><\/label><textarea id=\"wpforms-4684-field_2\" class=\"wpforms-field-medium wpforms-field-required\" name=\"wpforms[fields][2]\" required><\/textarea><\/div><div id=\"wpforms-4684-field_1-container\" class=\"wpforms-field wpforms-field-email\" data-field-id=\"1\"><label class=\"wpforms-field-label\" for=\"wpforms-4684-field_1\">E-mail <span class=\"wpforms-required-label\">*<\/span><\/label><input type=\"email\" id=\"wpforms-4684-field_1\" class=\"wpforms-field-large wpforms-field-required\" name=\"wpforms[fields][1]\" required><\/div><div id=\"wpforms-4684-field_6-container\" class=\"wpforms-field wpforms-field-html\" data-field-id=\"6\"><div id=\"wpforms-4684-field_6\">Pros\u00edme, \u010dt\u011bte na\u0161e: <a href=\"https:\/\/nobl.cz\/kancelarsky-nabytek\/zasady-ochrany-osobnich-udaju\/\" target=\"_blank\">Z\u00e1sady ochrany osobn\u00edch \u00fadaj\u016f (GDPR)<\/a><\/div><\/div><div id=\"wpforms-4684-field_5-container\" class=\"wpforms-field wpforms-field-checkbox\" data-field-id=\"5\"><label class=\"wpforms-field-label wpforms-label-hide\" for=\"wpforms-4684-field_5\">Pou\u017eit\u00edm tohoto formul\u00e1\u0159e souhlas\u00edte s na\u0161imi z\u00e1sadami ochrany osobn\u00edch \u00fadaj\u016f.<\/label><ul id=\"wpforms-4684-field_5\"><li class=\"choice-1 depth-1\"><input type=\"checkbox\" id=\"wpforms-4684-field_5_1\" name=\"wpforms[fields][5][]\" value=\"Potvr\u010fte sv\u016fj souhlas se zpracov\u00e1n\u00edm osobn\u00edch \u00fadaj\u016f dle GDPR.\"  ><label class=\"wpforms-field-label-inline\" for=\"wpforms-4684-field_5_1\">Potvr\u010fte sv\u016fj souhlas se zpracov\u00e1n\u00edm osobn\u00edch \u00fadaj\u016f dle GDPR.<\/label><\/li><\/ul><\/div><\/div><div class=\"wpforms-field wpforms-field-hp\"><label for=\"wpforms-4684-field-hp\" class=\"wpforms-field-label\">Email<\/label><input type=\"text\" name=\"wpforms[hp]\" id=\"wpforms-4684-field-hp\" class=\"wpforms-field-medium\"><\/div><div class=\"wpforms-recaptcha-container wpforms-is-recaptcha\"><div class=\"g-recaptcha\" data-sitekey=\"6LeX-R8TAAAAADA-ClPsvCvLb0QZZlrujKJzZuld\"><\/div><input type=\"text\" name=\"g-recaptcha-hidden\" class=\"wpforms-recaptcha-hidden\" style=\"position:absolute!important;clip:rect(0,0,0,0)!important;height:1px!important;width:1px!important;border:0!important;overflow:hidden!important;padding:0!important;margin:0!important;\" required><\/div><div class=\"wpforms-submit-container\"><input type=\"hidden\" name=\"wpforms[id]\" value=\"4684\"><input type=\"hidden\" name=\"wpforms[author]\" value=\"2\"><button type=\"submit\" name=\"wpforms[submit]\" id=\"wpforms-submit-4684\" class=\"wpforms-submit\" aria-live=\"assertive\" value=\"wpforms-submit\">Odeslat dotaz<\/button><\/div><\/form><\/div>  <!-- .wpforms-container -->\n<p><div class=\"tx-div large\"><\/div><div class=\"tx-div large\"><\/div><div class=\"tx-div large\"><\/div><\/p>\n<h3>Adresa a p\u0159\u00edjezd k v\u00fddejn\u00edmu skladu<\/h3>\n<p><a href=\"http:\/\/nobl.cz\/kancelarsky-nabytek\/wp-content\/uploads\/2013\/08\/sklad_mapka.png\" rel=\"attachment wp-att-4676\"><img loading=\"lazy\" decoding=\"async\" class=\"alignnone wp-image-4676\" src=\"http:\/\/nobl.cz\/kancelarsky-nabytek\/wp-content\/uploads\/2013\/08\/sklad_mapka-800x493.png\" alt=\"sklad_mapka\" width=\"400\" height=\"246\" srcset=\"https:\/\/nobl.cz\/kancelarsky-nabytek\/wp-content\/uploads\/2013\/08\/sklad_mapka-800x493.png 800w, https:\/\/nobl.cz\/kancelarsky-nabytek\/wp-content\/uploads\/2013\/08\/sklad_mapka-768x473.png 768w, https:\/\/nobl.cz\/kancelarsky-nabytek\/wp-content\/uploads\/2013\/08\/sklad_mapka.png 969w\" sizes=\"(max-width: 400px) 100vw, 400px\" \/><\/a><\/p>\n<h5>Pod\u011bbradsk\u00e1 520\/24 &#8211; na konci are\u00e1lu<br \/>\n<b>Praha 9<\/b>, 190 00\u00a0<a title=\"mapa\" href=\"https:\/\/mapy.cz\/s\/huzuhakuhu\" target=\"_blank\" rel=\"noopener noreferrer\">(mapa)<\/a><\/h5>\n<h5>V\u00fddejn\u00ed doba Po\u2013P\u00e1 8.30\u201316.00 v\u017edy po p\u0159edchoz\u00ed telefonick\u00e9 domluv\u011b (ve skladu nen\u00ed p\u0159\u00edtomen skladn\u00edk trvale).<\/h5>\n<h5 class=\"store_info\">tel.: 281 915 802<\/h5>\n<\/div><\/div>\n<\/div>\n  \n","protected":false},"excerpt":{"rendered":"","protected":false},"author":2,"featured_media":0,"parent":0,"menu_order":0,"comment_status":"closed","ping_status":"closed","template":"page-blank.php","meta":{"footnotes":""},"yoast_head":"<!-- This site is optimized with the Yoast SEO plugin v17.9 - https:\/\/yoast.com\/wordpress\/plugins\/seo\/ -->\n<title>Kontakty NO+BL Praha - NO+BL kancel\u00e1\u0159sk\u00fd n\u00e1bytek a kancel\u00e1\u0159sk\u00e9 \u017eidle Praha<\/title>\n<meta name=\"robots\" content=\"index, follow, max-snippet:-1, max-image-preview:large, max-video-preview:-1\" \/>\n<link rel=\"canonical\" href=\"https:\/\/nobl.cz\/kancelarsky-nabytek\/kontakty-nobl-praha\/\" \/>\n<meta property=\"og:locale\" content=\"cs_CZ\" \/>\n<meta property=\"og:type\" content=\"article\" \/>\n<meta property=\"og:title\" content=\"Kontakty NO+BL Praha - NO+BL kancel\u00e1\u0159sk\u00fd n\u00e1bytek a kancel\u00e1\u0159sk\u00e9 \u017eidle Praha\" \/>\n<meta property=\"og:url\" content=\"https:\/\/nobl.cz\/kancelarsky-nabytek\/kontakty-nobl-praha\/\" \/>\n<meta property=\"og:site_name\" content=\"NO+BL kancel\u00e1\u0159sk\u00fd n\u00e1bytek a kancel\u00e1\u0159sk\u00e9 \u017eidle Praha\" \/>\n<meta property=\"article:modified_time\" content=\"2025-12-23T15:33:56+00:00\" \/>\n<meta property=\"og:image\" content=\"http:\/\/nobl.cz\/kancelarsky-nabytek\/wp-content\/uploads\/2013\/08\/sklad_mapka-800x493.png\" \/>\n<meta name=\"twitter:card\" content=\"summary\" \/>\n<meta name=\"twitter:label1\" content=\"Odhadovan\u00e1 doba \u010dten\u00ed\" \/>\n\t<meta name=\"twitter:data1\" content=\"1 minuta\" \/>\n<script type=\"application\/ld+json\" class=\"yoast-schema-graph\">{\"@context\":\"https:\/\/schema.org\",\"@graph\":[{\"@type\":\"WebSite\",\"@id\":\"https:\/\/nobl.cz\/kancelarsky-nabytek\/#website\",\"url\":\"https:\/\/nobl.cz\/kancelarsky-nabytek\/\",\"name\":\"NO+BL kancel\\u00e1\\u0159sk\\u00fd n\\u00e1bytek a kancel\\u00e1\\u0159sk\\u00e9 \\u017eidle Praha\",\"description\":\"V\\u00e1\\u0161 prodejce kancel\\u00e1\\u0159sk\\u00e9ho n\\u00e1bytku a kancel\\u00e1\\u0159sk\\u00fdch k\\u0159esel v Praze s tradic\\u00ed ji\\u017e v\\u00edce jak 33 let. Nab\\u00edz\\u00edme tak\\u00e9 opravy kancel\\u00e1\\u0159sk\\u00fdch \\u017eidl\\u00ed.\",\"potentialAction\":[{\"@type\":\"SearchAction\",\"target\":{\"@type\":\"EntryPoint\",\"urlTemplate\":\"https:\/\/nobl.cz\/kancelarsky-nabytek\/?s={search_term_string}\"},\"query-input\":\"required name=search_term_string\"}],\"inLanguage\":\"cs\"},{\"@type\":\"ImageObject\",\"@id\":\"https:\/\/nobl.cz\/kancelarsky-nabytek\/kontakty-nobl-praha\/#primaryimage\",\"inLanguage\":\"cs\",\"url\":\"http:\/\/nobl.cz\/kancelarsky-nabytek\/wp-content\/uploads\/2013\/08\/sklad_mapka-800x493.png\",\"contentUrl\":\"http:\/\/nobl.cz\/kancelarsky-nabytek\/wp-content\/uploads\/2013\/08\/sklad_mapka-800x493.png\"},{\"@type\":\"WebPage\",\"@id\":\"https:\/\/nobl.cz\/kancelarsky-nabytek\/kontakty-nobl-praha\/#webpage\",\"url\":\"https:\/\/nobl.cz\/kancelarsky-nabytek\/kontakty-nobl-praha\/\",\"name\":\"Kontakty NO+BL Praha - NO+BL kancel\\u00e1\\u0159sk\\u00fd n\\u00e1bytek a kancel\\u00e1\\u0159sk\\u00e9 \\u017eidle Praha\",\"isPartOf\":{\"@id\":\"https:\/\/nobl.cz\/kancelarsky-nabytek\/#website\"},\"primaryImageOfPage\":{\"@id\":\"https:\/\/nobl.cz\/kancelarsky-nabytek\/kontakty-nobl-praha\/#primaryimage\"},\"datePublished\":\"2013-08-11T19:22:53+00:00\",\"dateModified\":\"2025-12-23T15:33:56+00:00\",\"breadcrumb\":{\"@id\":\"https:\/\/nobl.cz\/kancelarsky-nabytek\/kontakty-nobl-praha\/#breadcrumb\"},\"inLanguage\":\"cs\",\"potentialAction\":[{\"@type\":\"ReadAction\",\"target\":[\"https:\/\/nobl.cz\/kancelarsky-nabytek\/kontakty-nobl-praha\/\"]}]},{\"@type\":\"BreadcrumbList\",\"@id\":\"https:\/\/nobl.cz\/kancelarsky-nabytek\/kontakty-nobl-praha\/#breadcrumb\",\"itemListElement\":[{\"@type\":\"ListItem\",\"position\":1,\"name\":\"Dom\\u016f\",\"item\":\"https:\/\/nobl.cz\/kancelarsky-nabytek\/\"},{\"@type\":\"ListItem\",\"position\":2,\"name\":\"Kontakty NO+BL Praha\"}]}]}<\/script>\n<!-- \/ Yoast SEO plugin. -->","yoast_head_json":{"title":"Kontakty NO+BL Praha - NO+BL kancel\u00e1\u0159sk\u00fd n\u00e1bytek a kancel\u00e1\u0159sk\u00e9 \u017eidle Praha","robots":{"index":"index","follow":"follow","max-snippet":"max-snippet:-1","max-image-preview":"max-image-preview:large","max-video-preview":"max-video-preview:-1"},"canonical":"https:\/\/nobl.cz\/kancelarsky-nabytek\/kontakty-nobl-praha\/","og_locale":"cs_CZ","og_type":"article","og_title":"Kontakty NO+BL Praha - NO+BL kancel\u00e1\u0159sk\u00fd n\u00e1bytek a kancel\u00e1\u0159sk\u00e9 \u017eidle Praha","og_url":"https:\/\/nobl.cz\/kancelarsky-nabytek\/kontakty-nobl-praha\/","og_site_name":"NO+BL kancel\u00e1\u0159sk\u00fd n\u00e1bytek a kancel\u00e1\u0159sk\u00e9 \u017eidle Praha","article_modified_time":"2025-12-23T15:33:56+00:00","og_image":[{"url":"http:\/\/nobl.cz\/kancelarsky-nabytek\/wp-content\/uploads\/2013\/08\/sklad_mapka-800x493.png"}],"twitter_card":"summary","twitter_misc":{"Odhadovan\u00e1 doba \u010dten\u00ed":"1 minuta"},"schema":{"@context":"https:\/\/schema.org","@graph":[{"@type":"WebSite","@id":"https:\/\/nobl.cz\/kancelarsky-nabytek\/#website","url":"https:\/\/nobl.cz\/kancelarsky-nabytek\/","name":"NO+BL kancel\u00e1\u0159sk\u00fd n\u00e1bytek a kancel\u00e1\u0159sk\u00e9 \u017eidle Praha","description":"V\u00e1\u0161 prodejce kancel\u00e1\u0159sk\u00e9ho n\u00e1bytku a kancel\u00e1\u0159sk\u00fdch k\u0159esel v Praze s tradic\u00ed ji\u017e v\u00edce jak 33 let. Nab\u00edz\u00edme tak\u00e9 opravy kancel\u00e1\u0159sk\u00fdch \u017eidl\u00ed.","potentialAction":[{"@type":"SearchAction","target":{"@type":"EntryPoint","urlTemplate":"https:\/\/nobl.cz\/kancelarsky-nabytek\/?s={search_term_string}"},"query-input":"required name=search_term_string"}],"inLanguage":"cs"},{"@type":"ImageObject","@id":"https:\/\/nobl.cz\/kancelarsky-nabytek\/kontakty-nobl-praha\/#primaryimage","inLanguage":"cs","url":"http:\/\/nobl.cz\/kancelarsky-nabytek\/wp-content\/uploads\/2013\/08\/sklad_mapka-800x493.png","contentUrl":"http:\/\/nobl.cz\/kancelarsky-nabytek\/wp-content\/uploads\/2013\/08\/sklad_mapka-800x493.png"},{"@type":"WebPage","@id":"https:\/\/nobl.cz\/kancelarsky-nabytek\/kontakty-nobl-praha\/#webpage","url":"https:\/\/nobl.cz\/kancelarsky-nabytek\/kontakty-nobl-praha\/","name":"Kontakty NO+BL Praha - NO+BL kancel\u00e1\u0159sk\u00fd n\u00e1bytek a kancel\u00e1\u0159sk\u00e9 \u017eidle Praha","isPartOf":{"@id":"https:\/\/nobl.cz\/kancelarsky-nabytek\/#website"},"primaryImageOfPage":{"@id":"https:\/\/nobl.cz\/kancelarsky-nabytek\/kontakty-nobl-praha\/#primaryimage"},"datePublished":"2013-08-11T19:22:53+00:00","dateModified":"2025-12-23T15:33:56+00:00","breadcrumb":{"@id":"https:\/\/nobl.cz\/kancelarsky-nabytek\/kontakty-nobl-praha\/#breadcrumb"},"inLanguage":"cs","potentialAction":[{"@type":"ReadAction","target":["https:\/\/nobl.cz\/kancelarsky-nabytek\/kontakty-nobl-praha\/"]}]},{"@type":"BreadcrumbList","@id":"https:\/\/nobl.cz\/kancelarsky-nabytek\/kontakty-nobl-praha\/#breadcrumb","itemListElement":[{"@type":"ListItem","position":1,"name":"Dom\u016f","item":"https:\/\/nobl.cz\/kancelarsky-nabytek\/"},{"@type":"ListItem","position":2,"name":"Kontakty NO+BL Praha"}]}]}},"_links":{"self":[{"href":"https:\/\/nobl.cz\/kancelarsky-nabytek\/wp-json\/wp\/v2\/pages\/532"}],"collection":[{"href":"https:\/\/nobl.cz\/kancelarsky-nabytek\/wp-json\/wp\/v2\/pages"}],"about":[{"href":"https:\/\/nobl.cz\/kancelarsky-nabytek\/wp-json\/wp\/v2\/types\/page"}],"author":[{"embeddable":true,"href":"https:\/\/nobl.cz\/kancelarsky-nabytek\/wp-json\/wp\/v2\/users\/2"}],"replies":[{"embeddable":true,"href":"https:\/\/nobl.cz\/kancelarsky-nabytek\/wp-json\/wp\/v2\/comments?post=532"}],"version-history":[{"count":79,"href":"https:\/\/nobl.cz\/kancelarsky-nabytek\/wp-json\/wp\/v2\/pages\/532\/revisions"}],"predecessor-version":[{"id":9447,"href":"https:\/\/nobl.cz\/kancelarsky-nabytek\/wp-json\/wp\/v2\/pages\/532\/revisions\/9447"}],"wp:attachment":[{"href":"https:\/\/nobl.cz\/kancelarsky-nabytek\/wp-json\/wp\/v2\/media?parent=532"}],"curies":[{"name":"wp","href":"https:\/\/api.w.org\/{rel}","templated":true}]}}